{"id":244,"date":"2022-09-22T13:53:58","date_gmt":"2022-09-22T11:53:58","guid":{"rendered":"https:\/\/enseignement-froger.fr\/?page_id=244"},"modified":"2022-09-22T17:04:27","modified_gmt":"2022-09-22T15:04:27","slug":"lassociation","status":"publish","type":"page","link":"https:\/\/enseignement-froger.fr\/?page_id=244","title":{"rendered":"Jardin d&rsquo;Humanit\u00e9"},"content":{"rendered":"\n<p>L&rsquo;association \u00ab\u00a0Jardin d&rsquo;Humanit\u00e9\u00a0\u00bb rassemble toutes les personnes qui ont \u00e9t\u00e9 touch\u00e9es par l&rsquo;enseignement de Jean-Fran\u00e7ois FROGER, et qui \u0153uvrent pour le faire perdurer et le transmettre. <\/p>\n\n\n\n<p> <\/p>\n\n\n\n<p>\u00ab\u00a0Jardin d&rsquo;humanit\u00e9\u00a0\u00bb a pour objet la diffusion et la transmission des enseignements de Jean-Fran\u00e7ois Froger. L&rsquo;association utilisera tous les moyens \u00e0 sa disposition afin de faire conna\u00eetre \u00e0 un public le plus large possible, les apports de Jean-Fran\u00e7ois Froger \u00e0\u00a0: l&rsquo;anthropologie, la logique, la connaissance de la Bible et la vie spirituelle.<br>Pour ce faire, l&rsquo;association organisera des colloques, des publications et des sessions pour la diffusion de l&rsquo;enseignement de Jean-Fran\u00e7ois Froger.<br><br>L&rsquo;association est l&rsquo;administratrice du site internet\u00a0que vous consultez actuellement<br><\/p>\n","protected":false},"excerpt":{"rendered":"<p>L&rsquo;association \u00ab\u00a0Jardin d&rsquo;Humanit\u00e9\u00a0\u00bb rassemble toutes les personnes qui ont \u00e9t\u00e9 touch\u00e9es par l&rsquo;enseignement de Jean-Fran\u00e7ois FROGER, et qui \u0153uvrent pour le faire perdurer et le transmettre. \u00ab\u00a0Jardin d&rsquo;humanit\u00e9\u00a0\u00bb a pour objet la diffusion et la transmission des enseignements de Jean-Fran\u00e7ois Froger. L&rsquo;association utilisera tous les moyens \u00e0 sa disposition afin de faire conna\u00eetre \u00e0 un &hellip; <a href=\"https:\/\/enseignement-froger.fr\/?page_id=244\" class=\"more-link\">Continuer la lecture de <span class=\"screen-reader-text\">Jardin d&rsquo;Humanit\u00e9<\/span> <span class=\"meta-nav\">&rarr;<\/span><\/a><\/p>\n","protected":false},"author":1,"featured_media":0,"parent":0,"menu_order":0,"comment_status":"closed","ping_status":"closed","template":"","meta":{"footnotes":""},"class_list":["post-244","page","type-page","status-publish","hentry"],"_links":{"self":[{"href":"https:\/\/enseignement-froger.fr\/index.php?rest_route=\/wp\/v2\/pages\/244","targetHints":{"allow":["GET"]}}],"collection":[{"href":"https:\/\/enseignement-froger.fr\/index.php?rest_route=\/wp\/v2\/pages"}],"about":[{"href":"https:\/\/enseignement-froger.fr\/index.php?rest_route=\/wp\/v2\/types\/page"}],"author":[{"embeddable":true,"href":"https:\/\/enseignement-froger.fr\/index.php?rest_route=\/wp\/v2\/users\/1"}],"replies":[{"embeddable":true,"href":"https:\/\/enseignement-froger.fr\/index.php?rest_route=%2Fwp%2Fv2%2Fcomments&post=244"}],"version-history":[{"count":5,"href":"https:\/\/enseignement-froger.fr\/index.php?rest_route=\/wp\/v2\/pages\/244\/revisions"}],"predecessor-version":[{"id":263,"href":"https:\/\/enseignement-froger.fr\/index.php?rest_route=\/wp\/v2\/pages\/244\/revisions\/263"}],"wp:attachment":[{"href":"https:\/\/enseignement-froger.fr\/index.php?rest_route=%2Fwp%2Fv2%2Fmedia&parent=244"}],"curies":[{"name":"wp","href":"https:\/\/api.w.org\/{rel}","templated":true}]}}